ts digit of o(i)?
8
What is the tens digit of (-174)/9*3/(-2)?
2
Let i(d) be the first derivative of d**3/3 - 3*d**2 - 2*d + 6. What is the tens digit of i(-4)?
3
Let i(r) = 2*r - 9. Let j be i(7). Let f = 8 - j. Let p = f - -1. What is the units digit of p?
4
Let y(q) = 11*q - q**2 - 8*q + 10*q - 15. Let u be y(11). Let w = u + 4. What is the tens digit of w?
1
Suppose -4*s + 3*w - 181 = 0, -2*s - 94 = w + w. Let a = -29 - s. What is the units digit of a?
7
Suppose -10 = 2*i, 0 = -0*z - 4*z + i - 23. Let m = -2 - z. What is the units digit of (15/(-4))/m*-4?
3
What is the units digit of ((-3)/1 + -40)*-7?
1
Let z be (-1 - -13)*(-1)/2. What is the units digit of ((-3)/z)/(3/90)?
5
Suppose -2*i + 4*d = -0*i + 14, -i = -d + 2. What is the units digit of i?
3
Let h(v) = 3*v + 3. Let i be h(-4). Let c = 6 + i. Let q = -2 - c. What is the units digit of q?
1
Let k = -8 - -4. Let u = 7 + k. Suppose i + 36 = z - 4*i, 2*z + u*i = 7. What is the tens digit of z?
1
Suppose 2*z - 10 = -5*i, 0 = 2*i - 6*z + 3*z - 23. Suppose i*o - 14 = -5*a + 3*o, 3*o = -a. Suppose -7*g + 4 = -a*g. What is the units digit of g?
1
Let q = 155 - 108. What is the units digit of q?
7
Suppose f + 2*t - 38 = 127, -5*t = 5*f - 800. What is the units digit of f?
5
Let x(p) = -p - 2. Let v = -1 + 8. Let m = 4 - v. What is the units digit of x(m)?
1
Suppose -2*n + 9 = n. Suppose 0 = -0*s + s - n. Suppose -3 = -3*t + 4*z, -t = 2*z - s + 2. What is the units digit of t?
1
Suppose -m + 5*m = 60. Suppose 3*i + m = 0, 5*i - 4*i = 3*p - 14. What is the units digit of p?
3
Let y = -2 - 3. Let t(o) = 5*o + 11. Let w(r) = 4*r + 11. Let q(p) = -3*t(p) + 4*w(p). What is the units digit of q(y)?
6
Let z = 5 + -1. Suppose -4*j - 6 = l - 4*l, 2*l = z*j + 4. What is the units digit of l/(-4) + (-85)/(-10)?
8
Let n = 54 - 42. What is the units digit of n?
2
Let o = 109 - 29. What is the units digit of o?
0
Let d = -45 + 70. Suppose 5*u = -0*u + d. What is the units digit of u?
5
Suppose 5*r + 4*c - 114 = -0*r, 0 = -4*r + c + 108. Suppose -r = -5*w + 4. What is the units digit of (-94)/(-14) - w/(-21)?
7
Suppose 0 = 5*x - 6 - 59. Let v(n) = -n**2 + 7*n - 6. Let u be v(5). Let o = x - u. What is the units digit of o?
9
Let q be 4 - 2/(-4)*0. Let d be ((-1)/2)/(q/(-24)). Let h = 4 - d. What is the units digit of h?
1
Suppose -2 = -5*j + 183. What is the units digit of j?
7
Let c be 10/4 - (-2)/(-4). Let u = -1 + c. What is the units digit of u?
1
Let p(f) = f + 58. What is the tens digit of p(-17)?
4
Let i(a) = -a**3 + 9*a**2 + 8*a + 6. Let l be i(10). What is the units digit of ((-144)/l)/((-54)/(-252))?
8
Suppose 0 = 4*b - 52 - 48. What is the units digit of b?
5
Let c(g) = 2*g - 4. Let v be c(5). Let m = -4 + v. Suppose m*p + 0*p - 4 = 0. What is the units digit of p?
2
Suppose 20 = 2*n + 3*n. Suppose 14 - 4 = 2*u, 0 = -5*g - n*u - 10. What is the units digit of -1*(-39)/g*-2?
3
Let h(n) = 2*n**2 - 3*n - 3. What is the units digit of h(3)?
6
Let g be (6/(-4))/((-9)/30). Suppose 3*t - g*u - 103 = 0, 4*t - 8*u + 3*u = 134. What is the tens digit of t?
3
Suppose 0 = -m - 2*m - 2*u + 31, 0 = -2*m + 5*u + 8. Let d(q) = -q**2 + 10*q - 13. Let t be d(m). Let x = t + 10. What is the units digit of x?
6
Let o = -14 - -8. Let g = -2 - o. Suppose -5*n + f + 5 = 0, -g*n - 2 = -5*f + 3*f. What is the units digit of n?
2
Let h be (-1 + 5)*(-3)/(-6). What is the units digit of h/(2 + 2 - 2)?
1
What is the units digit of (0 - 1/4) + 5055/12?
1
What is the units digit of (87/2)/(9/12)?
8
Let x = -9 + 11. Suppose 64 = 2*c + 4*y, -x*c = -3*y + 5*y - 54. What is the tens digit of c?
2
Let q = 232 + -54. What is the units digit of q?
8
What is the tens digit of (4 - 1 - -18) + -3?
1
Let m(q) = -q**3 + 6*q**2 + 8*q + 1. Let y(l) = 2 + l + 6 + 1 + 5. Let w be y(-7). What is the units digit of m(w)?
8
Let v(j) = 85*j + 41. What is the tens digit of v(4)?
8
Suppose 5*m - 23 - 2 = 0. Suppose -m*b - 19 + 4 = 0. Let n = 5 + b. What is the units digit of n?
2
Let k(d) = -3*d - 1. Let p be k(-3). Let m be p/3*3 + -3. Suppose -m*r + 30 = -3*u, -3*r = 2*u - 8 - 10. What is the units digit of r?
6
Let z be 0 - (2 + -2 + -2). Let h(t) = t**3 - 4*t + 2*t**z + 0*t + 1 + 0*t**3. What is the units digit of h(-3)?
4
Suppose -p - 41 = -3*p - 5*i, 0 = 3*i - 9. What is the tens digit of p?
1
Suppose 5*q + 361 = 4*k, 4*k + q = 4*q + 351. What is the tens digit of k?
8
Let r = 35 + -21. What is the units digit of r?
4
Let f(o) be the second derivative of -o**3/3 - 3*o**2 + o. What is the units digit of f(-6)?
6
Let y = 93 + -56. What is the tens digit of y?
3
Let x = -10 + 12. Suppose h - 9 = -x. What is the units digit of h?
7
Suppose 2*j - 2 = 0, -3*w + 2*j + 77 = 4*j. What is the tens digit of w?
2
Let v(j) = j**2 - 6. Let g(h) = h + 1. Suppose 1 = -0*t - t. Let q(w) = t*v(w) - 5*g(w). What is the units digit of q(-4)?
5
Let u(h) = h**2 - 6*h + 1. What is the units digit of u(7)?
8
Let j(s) = -s**3 + 6*s**2 - s - 5. Let y be (-2 + 1)*(-7 + 2). What is the units digit of j(y)?
5
Let h(f) = f**3 + 10*f**2 + 16*f + 6. What is the units digit of h(-6)?
4
Let j(c) = -63*c + 1. Let u be j(-1). Let q be ((-1)/(-1))/(9/(-36)). What is the units digit of 5/(-4)*u/q?
0
Let q(p) = -p - 1. Let c = 13 + -7. Let n be (c/(-4))/(18/24). What is the units digit of q(n)?
1
Let p(z) = 5*z + 9. What is the units digit of p(6)?
9
Let b(v) = 11*v**2 - 1. Let n(q) = -q - 13. Let g be n(-8). Let f be g/(-25) + 6/(-5). What is the tens digit of b(f)?
1
Let m be (36/(-14))/(1/(-7)). Suppose 0 = -2*h - 3*b + m, -5*b + 0*b = -3*h + 46. Suppose u - 2*r = -2, 29 + h = 2*u + 5*r. What is the units digit of u?
8
Suppose 0 = q - 5*s - 83, 4*s - 415 = 3*q - 8*q. What is the tens digit of q?
8
Suppose 2*h + 124 - 30 = 2*y, -2*y = 3*h + 146. Let b = -16 - h. What is the tens digit of b?
3
Suppose 4*s - 6 - 14 = 0. Suppose -3*r = 2*j - 15, -4*j - s = -5*j + r. What is the units digit of j?
6
Let x(c) = c. Let h(m) = -5*m + 3. Let p(g) = h(g) + 3*x(g). Let a be p(-4). Suppose -37 = -4*z + 3*s, -5*s - a - 4 = 0. What is the units digit of z?
7
Suppose -2*p - 21 = -5*g, 0 = -6*g + g + 4*p + 17. Suppose -g*f - 25 - 5 = 0. Let l = f + 11. What is the units digit of l?
5
Let b be 3 + (0 + 1 - 7). What is the units digit of 3/3*-2 - b?
1
Let h(r) = -6*r - 3. Let z be h(-4). Let x be 14 + 0/(1 + 0). Let a = z - x. What is the units digit of a?
7
Suppose -2*b + 5 = 3. What is the tens digit of 3*((-8)/(-3) + b)?
1
Let m = -12 + 46. What is the tens digit of m?
3
Let w = 11 + -8. Suppose 3*o - 3*z + 0*z = 39, -5*o - w*z + 49 = 0. What is the units digit of o?
1
Suppose -s - 4*s + 75 = 0. What is the tens digit of s?
1
Let v = -1 + -2. Let b(t) = -5 + t + 0*t**2 + 2*t**2 + 1. What is the units digit of b(v)?
1
Let a = 11 + -12. Let z = a - -27. What is the units digit of z?
6
Let k = 384 - 268. What is the units digit of k?
6
Suppose 3*z - 10 = -2*g + 15, -2*g + 35 = 5*z. Suppose 5*b + 4*q = -z, 4*q + 8 = b - 15. Suppose -t + 32 = b*t. What is the units digit of t?
8
Suppose w = 70 - 20. What is the tens digit of w?
5
Suppose k = -k + 6. Suppose -k*g = -6 - 18. What is the units digit of g?
8
Let x(n) = -38*n**2 - 3*n - 11. Let q(g) = 13*g**2 + g + 4. Let a(r) = -11*q(r) - 4*x(r). Suppose 4*i = -0 - 4. What is the units digit of a(i)?
8
What is the tens digit of (-12)/(-54) + 160/9?
1
Let q = 738 + -443. What is the hundreds digit of q?
2
Let a = 1 - -3. Suppose -2*w + a = 0, 2*d + 5 + 1 = 4*w. What is the units digit of d?
1
What is the tens digit of 50 - 0*(-2)/8?
5
Let s be 2*(-6)/(-4) + -1. Let c(z) = 2*z**s + 2 - 4*z + 0*z - z**2. What is the units digit of c(4)?
2
Let u(s) = -5*s - 6. Let o be u(-9). Let c = -24 + o. What is the tens digit of c?
1
Let x(z) = 78*z + 6. What is the tens digit of x(2)?
6
Suppose v - 6 + 0 = 0. Suppose 2 + 14 = 4*a. Let s = v - a. What is the units digit of s?
2
Let w(v) = -8*v - 3. Let s be w(-2). Let r = s + -7. What is the units digit of r?
6
Let s(d) = -d + 20. Let l(a) = -a - 2. Let g be l(-2). What is the tens digit of s(g)?
2
Let k = 27 - 18. Suppose -k = -3*q + 21. What is the units digit of q?
0
Let r(d) = -d**2 - 2*d. Let n be r(-2). What is the units digit of (n + (-1)/(-1))*1?
1
Let c(v) = -v**2 - 10*v + 15. Let d be c(-12). Let m(w